Convert 120 (base 4) to base 14.
1a
Convert 0 (base 15) to base 5.
0
Convert 20102 (base 3) to base 2.
10101101
1a (base 15) to base 2
11001
What is 24 (base 5) in base 6?
22
Convert -10 (base 4) to base 8.
-4
Convert -2 (base 5) to base 14.
-2
Convert -10 (base 3) to base 15.
-3
What is 4 (base 10) in base 8?
4
Convert 3 (base 11) to base 12.
3
-12 (base 6) to base 14
-8
1222 (base 3) to base 5
203
Convert -2 (base 14) to base 12.
-2
Convert -123 (base 14) to base 10.
-227
Convert 20 (base 6) to base 14.
c
What is 2 (base 10) in base 3?
2
-10 (base 3) to base 12
-3
-b (base 16) to base 6
-15
e (base 15) to base 13
11
Convert 12 (base 6) to base 5.
13
Convert 0 (base 10) to base 16.
0
50 (base 9) to base 10
45
Convert -184 (base 10) to base 13.
-112
1 (base 16) to base 14
1
Convert -20 (base 15) to base 6.
-50
-5 (base 11) to base 6
-5
What is 76 (base 10) in base 15?
51
What is 67 (base 11) in base 2?
1001001
Convert 0 (base 7) to base 10.
0
-2 (base 8) to base 7
-2
Convert -11 (base 11) to base 14.
-c
What is -47 (base 13) in base 4?
-323
What is -d (base 14) in base 2?
-1101
What is -1 (base 13) in base 14?
-1
Convert 3 (base 5) to base 4.
3
1221 (base 3) to base 10
52
-15 (base 8) to base 13
-10
Convert -10 (base 3) to base 12.
-3
What is 7a (base 12) in base 7?
163
235 (base 7) to base 2
1111100
What is -311 (base 5) in base 6?
-213
What is 8 (base 10) in base 5?
13
137 (base 9) to base 2
1110011
What is -122 (base 11) in base 13?
-b2
Convert 3 (base 16) to base 10.
3
What is -c (base 16) in base 7?
-15
Convert -4 (base 12) to base 13.
-4
Convert 3 (base 5) to base 9.
3
Convert -31 (base 6) to base 14.
-15
Convert -2 (base 6) to base 3.
-2
13 (base 8) to base 3
102
-2 (base 5) to base 10
-2
What is 211 (base 11) in base 8?
376
-3 (base 9) to base 8
-3
What is -13 (base 5) in base 4?
-20
Convert 2 (base 14) to base 11.
2
What is -2a (base 11) in base 5?
-112
a8 (base 11) to base 5
433
What is 4 (base 9) in base 6?
4
What is 45 (base 15) in base 6?
145
24 (base 13) to base 4
132
Convert -12 (base 10) to base 7.
-15
133 (base 4) to base 8
37
Convert -1b (base 16) to base 4.
-123
-5 (base 11) to base 14
-5
What is -112 (base 7) in base 2?
-111010
-86 (base 11) to base 16
-5e
What is 223 (base 5) in base 3?
2100
2142 (base 5) to base 15
14c
-43 (base 6) to base 11
-25
0 (base 8) to base 12
0
Convert 1 (base 7) to base 10.
1
What is 17 (base 8) in base 11?
14
-11 (base 2) to base 12
-3
What is -23 (base 15) in base 13?
-27
100 (base 2) to base 6
4
What is 70 (base 16) in base 9?
134
What is 101 (base 2) in base 10?
5
Convert 4 (base 8) to base 13.
4
Convert 2 (base 15) to base 6.
2
What is -5 (base 16) in base 10?
-5
Convert 66 (base 8) to base 12.
46
-10100100 (base 2) to base 3
-20002
100 (base 2) to base 15
4
What is 11 (base 2) in base 10?
3
What is 169 (base 10) in base 15?
b4
-3 (base 13) to base 16
-3
What is 20 (base 14) in base 5?
103
-3 (base 16) to base 2
-11
Convert 27 (base 15) to base 12.
31
-22 (base 14) to base 7
-42
What is 205 (base 7) in base 2?
1100111
18 (base 11) to base 13
16
Convert 32 (base 8) to base 10.
26
-63 (base 8) to base 2
-110011
Convert 3 (base 13) to base 16.
3
40 (base 11) to base 14
32
What is -51 (base 13) in base 15?
-46
Convert -4 (base 13) to base 15.
-4
-144 (base 7) to base 10
-81
What is -11101000 (base 2) in base 5?
-1412
What is -3 (base 5) in base 10?
-3
Convert 2 (base 10) to base 2.
10
13 (base 5) to base 15
8
37 (base 8) to base 3
1011
Convert 23 (base 5) to base 4.
31
Convert -1 (base 5) to base 7.
-1
Convert 1 (base 4) to base 14.
1
What is 12 (base 5) in base 13?
7
31 (base 5) to base 16
10
1 (base 2) to base 7
1
-2 (base 9) to base 11
-2
What is -4 (base 5) in base 6?
-4
What is -100 (base 2) in base 14?
-4
-2 (base 5) to base 11
-2
Convert 20 (base 5) to base 8.
12
Convert -11 (base 4) to base 5.
-10
Convert -3 (base 6) to base 12.
-3
What is 5 (base 13) in base 8?
5
What is -3 (base 14) in base 4?
-3
Convert 36 (base 9) to base 15.
23
What is 2 (base 16) in base 14?
2
What is 2 (base 9) in base 4?
2
What is 0 (base 9) in base 14?
0
What is -17 (base 12) in base 6?
-31
What is -2 (base 3) in base 16?
-2
-9 (base 11) to base 10
-9
What is -215 (base 10) in base 12?
-15b
Convert -2 (base 9) to base 14.
-2
11 (base 7) to base 14
8
Convert -1 (base 12) to base 16.
-1
Convert 61 (base 9) to base 12.
47
-1 (base 8) to base 6
-1
-10 (base 4) to base 7
-4
1 (base 16) to base 8
1
What is 113 (base 4) in base 8?
27
12022 (base 3) to base 14
a3
What is 11001 (base 2) in base 3?
221
Convert 10 (base 2) to base 13.
2
Convert 178 (base 11) to base 7.
413
Convert 9b (base 12) to base 3.
11102
4 (base 11) to base 5
4
Convert 0 (base 10) to base 14.
0
Convert 15 (base 13) to base 7.
24
437 (base 8) to base 14
167
What is 1 (base 11) in base 15?
1
What is -3 (base 5) in base 7?
-3
Convert -1 (base 11) to base 7.
-1
d (base 15) to base 2
1101
What is -10 (base 5) in base 13?
-5
Convert 1100 (base 2) to base 7.
15
What is -1111111 (base 2) in base 6?
-331
5c (base 15) to base 6
223
1101 (base 2) to base 10
13
Convert 201 (base 3) to base 8.
23
Convert 2 (base 6) to base 11.
2
Convert 11 (base 4) to base 3.
12
What is 25 (base 13) in base 2?
11111
-3 (base 6) to base 12
-3
1 (base 15) to base 9
1
Convert -37 (base 16) to base 11.
-50
Convert 6 (base 13) to base 16.
6
Convert 26 (base 10) to base 11.
24
What is -10 (base 3) in base 6?
-3
0 (base 4) to base 2
0
423 (base 7) to base 12
159
Convert 4 (base 8) to base 7.
4
Convert 2 (base 14) to base 10.
2
What is 20 (base 4) in base 16?
8
-1 (base 2) to base 12
-1
-1c (base 14) to base 2
-11010
Convert 3 (base 14) to base 10.
3
What is -157 (base 8) in base 6?
-303
22 (base 4) to base 9
11
What is 0 (base 10) in base 6?
0
-2012 (base 4) to base 8
-206
What is 3 (base 13) in base 16?
3
What is -1012 (base 4) in base 11?
-64
Convert 423 (base 6) to base 11.
135
-222 (base 8) to base 5
-1041
What is 40 (base 12) in base 15?
33
2f (base 16) to base 6
115
Convert -13 (base 5) to base 2.
-1000
What is 1 (base 5) in base 7?
1
What is 2 (base 5) in base 4?
2
4 (base 15) to base 6
4
Convert 36 (base 14) to base 16.
30
What is -11 (base 10) in base 9?
-12
Convert 2230 (base 4) to base 15.
b7
What is 230 (base 5) in base 13?
50
What is -11010010 (base 2) in base 4?
-3102
21 (base 12) to base 9
27
Convert -30 (base 13) to base 5.
-124
Convert -2 (base 11) to base 12.
-2
230 (base 9) to base 3
21000
What is 1 (base 13) in base 7?
1
What is 1 (base 11) in base 6?
1
-6a (base 11) to base 4
-1030
-1 (base 5) to base 16
-1
10 (base 2) to base 6
2
What is 1230 (base 4) in base 14?
7a
Convert 0 (base 7) to base 9.
0
Convert 39 (base 12) to base 14.
33
-1 (base 5) to base 12
-1
2a1 (base 12) to base 5
3114
Convert -8 (base 11) to base 10.
-8
Convert 12 (base 7) to base 6.
13
What is 0 (base 16) in base 14?
0
Convert -3 (base 8) to base 16.
-3
Convert 2212 (base 3) to base 10.
77
89 (base 10) to base 12
75
117 (base 10) to base 15
7c
What is -134 (base 10) in base 5?
-1014
-7 (base 12) to base 11
-7
57 (base 9) to base 8
64
-34 (base 7) to base 15
-1a
What is -120 (base 3) in base 6?
-23
Convert -2 (base 15) to base 10.
-2
What is -5 (base 6) in base 9?
-5
Convert 1050 (base 7) to base 12.
276
-27 (base 12) to base 4
-133
3 (base 15) to base 12
3
What is -12 (base 3) in base 10?
-5
Convert -1 (base 9) to base 7.
-1
132 (base 16) to base 10
306
Convert -ca (base 13) to base 15.
-b1
2 (base 4) to base 7
2
-4b (base 14) to base 6
-151
10 (base 6) to base 5
11
What is -54 (base 6) in base 9?
-37
18 (base 10) to base 8
22
What is 11 (base 4) in base 3?
12
Convert -2 (base 16) to base 2.
-10
Convert 12 (base 9) to base 12.
b
4c (base 14) to base 8
104
What is 10 (base 3) in base 9?
3
What is -31 (base 5) in base 11?
-15
3 (base 8) to base 15
3
100 (base 5) to base 7
34
What is 1200 (base 3) in base 2?
101101
What is 22010 (base 3) in base 2?
11011011
0 (base 11) to base 9
0
What is -3 (base 15) in base 12?
-3
What is -9 (base 12) in base 4?
-21
18 (base 12) to base 11
19
Convert 118 (base 10) to base 15.
7d
Convert 10 (base 4) to base 9.
4
What is -120 (base 9) in base 4?
-1203
32 (base 12) to base 7
53
What is 68 (base 16) in base 4?
1220
Convert 8 (base 13) to base 2.
1000
What is 6a